2. Let d be p(f). Calculate u(d).
3
Let x(m) = -14 - 6*m**2 + 7*m + 7 + 5*m**2. What is x(7)?
-7
Let w(u) = 5*u**2 + 6*u - 10. Let b(s) = 4*s**2 + 6*s - 10. Let q(g) = 4*b(g) - 3*w(g). What is q(-8)?
6
Let k(n) = -n + 2. Let h = 3 - 2. Give k(h).
1
Let d be (-6)/18 - (-16)/3. Let l(v) be the third derivative of -v**5/60 + v**4/6 - v**3/3 - 5*v**2. Calculate l(d).
-7
Let s(j) = j**3 - 5*j**2 - j. Let f(k) = k + 9. Let v be f(-4). Give s(v).
-5
Let o(p) = -p**2 - 3*p. Suppose 2*l + 26 = -5*n, -3*l - l - 2*n = 20. Calculate o(l).
0
Suppose -5*d + 14 = -41. Suppose -d = -4*z + 3*q, z - 5*z - 2*q - 14 = 0. Let a(h) = 1 - h + 3*h - h. Give a(z).
0
Let a(h) = -32 + 32 - h. Give a(-5).
5
Let c(z) = -1 - 5 + 1 - z + 3*z. Suppose -x - 5*r = 3*x + 19, 13 = -3*x - 4*r. Let t = -7 - x. Give c(t).
3
Let h(x) = -6*x**3 + 2*x**2 - 1. Suppose 2*p = 6 - 0. Let i = p - 4. Let f be (-20)/16 - i/4. What is h(f)?
7
Let h(y) be the third derivative of y**4/24 + 2*y**3/3 - 18*y**2. Give h(-5).
-1
Let m(q) = -5*q**3 + q**2 - 6. Let t(b) = -4*b**3 + b**2 - 7. Let y(o) = -3*m(o) + 4*t(o). Let w = 211 + -211. Determine y(w).
-10
Let r(y) = 0 - 1 + 0 + 4*y - 3*y - 4*y**2. Let o(w) = -w**2 + w + 1. Let u be 1 + -2*(-2)/(-4). Let h be o(u). Determine r(h).
-4
Let a(s) = -s + 5. Let p = 30 - 26. Give a(p).
1
Let x(v) = -5*v**3 - 7*v**2 + 15*v - 12. Let r(g) = -1 + 2*g**2 - 5*g + 1 + 2*g**3 + 4. Let o be 7/((-56)/12)*16/3. Let f(m) = o*r(m) - 3*x(m). What is f(4)?
0
Let r(n) = 2*n**3 + 81*n - 80*n - 1 + 2 - 3*n**3 + 5*n**2. Let s = -2 - -7. What is r(s)?
6
Let i(k) = 9*k**3 - 6*k**3 + 4 + k**3 - 6*k**2 + k - 3*k**3. Let j(q) = q**3 - 4*q**2 - 3*q - 4. Let v be j(5). Calculate i(v).
10
Let q(i) be the first derivative of 3*i**2/2 - 3*i - 5. Give q(2).
3
Let f(j) = -j**3 - 18*j**2 + 38*j - 45. Let i be f(-20). Let w = 15 + -11. Let r(b) = -w*b - b + 0 + 6 - b**2. What is r(i)?
6
Let w(q) = 3*q - 10 - 2*q + 0*q. Calculate w(6).
-4
Suppose -i + 3*r - 9 = 5*r, -5*i - 17 = 3*r. Let v(l) be the third derivative of l**4/8 + 7*l**2. What is v(i)?
-3
Let t(v) = 3*v**2 + 2*v - 2. Let j be 3/(-2)*4/3. Let s be t(j). Let c(y) = -y + 11. Determine c(s).
5
Suppose -2*n = -0*n + 14. Let z(c) = c**2 + 8*c - 5. Give z(n).
-12
Let b(v) = v. Let p be 18/(-21)*(-6 - -13). What is b(p)?
-6
Let a(x) = -x**2 - 6*x + 6. Let i be (-81)/15 + (-6)/(-15). Determine a(i).
11
Let b(w) be the second derivative of -w**4/12 - 3*w**3/2 - 4*w**2 + 4*w. Let p be b(-6). Let r = p - 6. Let y(g) = -2*g + 4. Determine y(r).
-4
Let d(y) = -5*y**2 - 10*y + 3. Let w(u) = -u**2 - u. Let m(q) = d(q) - 6*w(q). Suppose 6*l + 12 = 8*l. Suppose -5*o = v - l, 0*v - 8 = -2*o + v. Give m(o).
-1
Suppose 6*n - 1 = 5*n. Let d(u) be the third derivative of 0 - 1/24*u**6 + 0*u + 1/6*u**3 - 1/24*u**4 + u**2 - 1/60*u**5. Determine d(n).
-6
Let i(p) be the second derivative of -1/12*p**4 - 4*p + 0 - p**2 - 1/6*p**3. Determine i(0).
-2
Let p(s) = 6*s + 7. Let u(o) = 5*o**3 - o - 1. Let w be u(-1). Let h(l) = -l. Let k(x) = w*h(x) - p(x). What is k(-6)?
-1
Let x(z) = -4*z - 1. Let k be x(-1). Suppose d = c - k*d + 17, c = 5*d - 22. Let i(p) = p**3 - p**2 - 6 + 2*p**2 + c*p**2 + 3*p - 5*p. Determine i(-4).
2
Let n(r) be the second derivative of r**3/6 - 5*r**2 - r. Determine n(11).
1
Let u be 1 + -2 + (-42)/(-3). Let l(m) = m**2 - 12*m - 19. Let p be l(u). Let o(y) = y**2 + 4*y - 3. What is o(p)?
9
Let t = -4 - -6. Let i(l) = 13*l**2 + 4*l - 3 + 0*l**2 - 14*l**2. Give i(t).
1
Let f(s) = -19*s + 18*s + s**3 + 4 - 14 + 7*s**2. What is f(-7)?
-3
Let r(c) = -10*c**2 - 19*c + 4. Let a(j) = -3*j**2 - 6*j + 1. Let h = 6 + -8. Let g(k) = h*r(k) + 7*a(k). Give g(-4).
-1
Let y(t) = t + 3. Let d(a) = 2*a**3 - a**2 + a. Let i be d(1). Suppose i*z = 3*z - 5*m, 0 = 4*z - 4*m. Give y(z).
3
Let p(z) = -z**3 + 4*z**2 + 7*z - 5. Suppose -2*a = -u - 5 + 1, 0 = 2*u - 4. Suppose -a*q = -5*m, m - 6*m = -4*q + 5. Give p(q).
5
Let c(d) = 7*d + 5. Let s(x) = 16*x + 9. Let q(w) = -5*c(w) + 2*s(w). Let k = -4 + -2. Calculate q(k).
11
Let o(q) = q**2 + q + 7. Let m be ((-1)/(-2))/(3/6). Let n(y) = 2*y + m - y + 5. Let s be n(-6). Calculate o(s).
7
Let r(c) = -c**3 + 7*c**2 - 2*c + 8. Suppose 0 = -v - 2*t + 1, t = v - 3*v + 11. Determine r(v).
-6
Let v(y) = 2 + 1 + 7*y**2 - 2*y - 5*y**2 - 3*y**2. Calculate v(2).
-5
Let c(r) = 3*r - 2*r - 11 + 26 - 18. Calculate c(7).
4
Let f(b) = 8*b + 1 + b**2 - 2*b + 4. Give f(-4).
-3
Let z be 0 + ((-13)/(-4) - 3). Let s(p) be the second derivative of -1/20*p**5 + 0 - p + 3/2*p**2 - z*p**4 + 1/6*p**3. What is s(-3)?
0
Let s be -1 + (-4 - (-9 + 4)). Suppose 2*z + 1 - 7 = s. Let k(m) = -m + 1 + 1 + 0*m + m**2. Calculate k(z).
8
Let r(k) = -k**2 - 8*k - 9. Let o be r(-6). Suppose 5*v + 17 = i + 5, -5*i + 8 = v. Let h(f) = i*f - f + 2 - 4. Give h(o).
1
Let b(y) be the first derivative of y**4/4 + 4*y**3/3 - 3*y**2/2 + 3*y + 4. What is b(-5)?
-7
Suppose 2 = -2*b - 5*u - 2, 4*b - 18 = 3*u. Let t(z) be the third derivative of z**5/60 - z**4/8 - z**3/6 - 5*z**2. Give t(b).
-1
Let h be (-14 + 12)/(-2 - 2). Let t(a) be the first derivative of -h*a**2 + 3*a + 4. What is t(4)?
-1
Suppose -n - 5*w = -1 + 3, 5*n - 4*w + 10 = 0. Let o = n + 3. Suppose -q - 5 = -o. Let c(l) = -2*l - 5. Determine c(q).
3
Let r(m) = m**3 + m**2 - 7. Let n be r(0). Let g = -6 - n. Let w(z) = 3*z**2 - z. Determine w(g).
2
Let h(v) = -1. Let o(s) = 10*s - 4. Let y(j) = -j**2 + 8*j - 10. Let m be y(7). Let k(l) = m*h(l) + o(l). Determine k(1).
9
Let m(t) = t**3 - 5*t**2 - 7*t + 9. Suppose 0 = -0*g - 4*g - 56. Let s be (-24)/g*49/14. What is m(s)?
3
Let m(q) = 3*q**2 - 2*q + 2. Let w = -155 + 157. Determine m(w).
10
Suppose 0 = -5*q - 15, -5*v - 3*q + 8 = 2. Let b(r) = -r**2 + 3. Calculate b(v).
-6
Suppose 5*q + 5 = 4*f, 2*f + 0*q = 4*q + 10. Let b be (f/4)/((-3)/(-12)). Let a(v) = -v**3 - 6*v**2 - 5*v - 3. What is a(b)?
-3
Let u(j) be the second derivative of -7*j**3/6 - j. Let m be (2/(-6))/((-1)/15). Suppose f - m*z = -24, 2*z - 11 = -5*f + 4*f. What is u(f)?
-7
Let d(g) = g**3 + 6*g**2 + 5*g - 4. Let r(h) = -h. Let o be r(1). Let u(j) = -2*j**2 - 1. Let k be u(o). Let t = k + -2. What is d(t)?
-4
Let k(s) be the first derivative of s**2 + 8*s + 3. Calculate k(-9).
-10
Suppose -5*a + 20 = 5*j, 0 = -2*a + a - 4*j + 7. Let b(i) = -a - i**3 + 3 + 2 + 5*i**2. Give b(5).
2
Let l be -2 + 4 - (-3 - -2). Suppose -4 = -l*b + 5. Let x(i) = -i**2 + 6*i - 1. Calculate x(b).
8
Let j(s) = -s. Let u be j(-3). Let h(m) = 1 + m - 4 + 5*m**2 - m**u + 1 + m. What is h(5)?
8
Let o(h) = 7*h**3 + h. Suppose -8 + 5 = -3*s. What is o(s)?
8
Let v(a) = 6*a**3 + a**2 - 6. Let w(l) = l**3 - 1. Let x(d) = v(d) - 5*w(d). Let j be 2/(-5) + 6/(-10). Determine x(j).
-1
Let r = 2 + -6. Let x be (r/(-5))/((-12)/(-60)). Let v(n) = -10*n**2 + 13*n + 12. Let b(s) = 7*s**2 - 9*s - 8. Let k(f) = 7*b(f) + 5*v(f). What is k(x)?
-4
Let v(u) = -5*u**2 - 11*u + 4. Let t(z) = -z**2 - z. Let b(f) = 6*t(f) - v(f). Determine b(3).
2
Let j(b) = b**2 + 5*b - 7. Let v be (98/21)/(4/(-6)). Give j(v).
7
Suppose -g = -0*g + 5*j - 12, -2*g + 6 = 4*j. Let y(v) = -v**3 - v**2 + 4*v + 4. Calculate y(g).
10
Let m(t) = t**3 - 7*t**2 + t. Let v = 5 - -2. What is m(v)?
7
Suppose -5*v = 9 + 6. Let z be (v/6)/(1/2). Let n(k) = 2*k + 5 - 5 + 1 + k**2. Calculate n(z).
0
Let f(l) = -l**3 - 9*l**2 + 10*l + 4. Let d be f(-10). Let y = 6 - d. Let p(z) = 0*z + 3 - z + z**3 - 4 - 2*z**2. Determine p(y).
-3
Let z(a) = a + 1. Let v(m) = 6*m - 7. Let c(x) = v(x) + 4*z(x). What is c(2)?
17
Let r be 2*(-25)/(-10) + -3. Let b(x) = x**2 - 1. Give b(r).
3
Let y(m) be the second derivative of -m**4/12 + 7*m**3/6 - 5*m. Determine y(5).
10
Let b(l) = -7*l - 5. Let o(x) be the first derivative of x**2/2 + x + 2. Let h(r) = -b(r) - 6*o(r). Suppose 2*t + 0*t = -8. Calculate h(t).
-5
Let y(n) = 2*n**2 + 3*n + 4. Let l(q) = -6*q**2 - 8*q - 11. Let u(m) = -4*l(m) - 11*y(m). Give u(1).
1
Suppose -4 = -3*y + 5. Let w(v) = v - 3*v**y + 2*v**3 + v - 1 + 0*v. Calculate w(2).
-5
Let k = 3 + -4. Let s(g) be the second derivative of -2*g + 0 + 1/2*g**3 - 1/2*g**2. Determine s(k).
-4
Let i(u) = -u**2 + 6*u + 3. Let s = 7 - 5. Suppose s*x = -6, 2*h - 5*x + 2 - 35 = 0. Let p = h + -4. Determine i(p).
8
Let a(o) = o**3 + 4*o - 9*o + 1 + 3*o. Let s(j) = j**2 + 5*j